 What are the prime factors of o/(-24) - 2090/(-3)?
2, 3, 29
Let x be (379/(-4) + 0)/((-3)/12). Suppose 0 = -6*m + 5*m + x. Suppose m = 4*v - s, 0 = 2*v - 5*v - 4*s + 308. What are the prime factors of v?
2, 3
Suppose -2*t + 45*d = 44*d - 4680, -2*d = -7*t + 16374. List the prime factors of t.
2, 7, 167
Let c be (28/(-10) - -2)/(22/(-55)). What are the prime factors of 1/c*10 + 276?
281
Let b(n) = 1521*n**2 - 71*n - 2. What are the prime factors of b(-4)?
2, 3, 11, 373
Let s(n) = 164*n**2 - 175*n + 2469. What are the prime factors of s(13)?
2, 5, 2791
List the prime factors of (41680 + 2)/((-520)/(-260)).
3, 6947
Suppose -8*o + 18 = -30. Let y be (93/o)/((-2)/8*2). Let c = y + 79. What are the prime factors of c?
2, 3
Let p be (-12)/18 + 82/6. Let c(w) = 7*w**2 + 6*w - 96. List the prime factors of c(p).
5, 233
Let n be (-20)/(-4 - -2) - 0. Suppose m = 3*d - n + 51, 5*m - 171 = -2*d. List the prime factors of m.
5, 7
Suppose -2*y + 8 = -0. Suppose -3*h - 360 = 2*h - 2*m, -5*m - 25 = 0. What are the prime factors of y*4/(-8) - h?
2, 3
Suppose 234010 = 4*v + 5*i, -v - 63*i + 64*i = -58507. What are the prime factors of v?
5, 11701
Suppose 124*d - 1729361 = 2027591. List the prime factors of d.
2, 15149
Let p = -15367 + 24865. List the prime factors of p.
2, 3, 1583
Suppose -59*v + 2371872 + 550752 = 0. List the prime factors of v.
2, 3, 43
Suppose 1 = -a + 4. Suppose 4*k = -a*k + 532. Let o = 10 + k. What are the prime factors of o?
2, 43
Let w(n) = -n**3 - 24*n**2 + 24*n - 65. Let j be w(-25). What are the prime factors of (-3)/(30/(-2464)) + 16/j?
2, 3, 41
Suppose -a = 92 - 92. Suppose a = -8*s - 2*s + 6430. What are the prime factors of s?
643
What are the prime factors of (-8502 + 1)*(55/(-44) - -1)*4?
8501
Let y = -2364 - -2597. Suppose -3*b = -c - c + 10, 3*c + 4*b + 2 = 0. Suppose c*p - y = 57. What are the prime factors of p?
5, 29
Suppose -8*p + 560 = -7*p. Suppose 400*r - p = 395*r. What are the prime factors of r?
2, 7
Let k(z) = 922*z + 6. Suppose -7 - 5 = -12*h. List the prime factors of k(h).
2, 29
Suppose -3*p - 2909 + 12490 = 5*w, 0 = -3*p + w + 9593. What are the prime factors of p?
23, 139
Suppose 0 = -5*x + 34 + 16. Let q be (35/x + -2)*(-6)/(-9). Let z(m) = 95*m**2 - 2*m. List the prime factors of z(q).
3, 31
Let o(c) = -6*c + 14*c - 4*c - 3*c + 1304*c**2. List the prime factors of o(-1).
1303
Let x(d) = -32*d**3 - 39*d**2 + 65*d + 22. List the prime factors of x(-9).
2, 9803
Suppose -3*v + 6*m + 249357 = 0, 2*v + 14*m - 166286 = 10*m. What are the prime factors of v?
59, 1409
Let n = 49659 + -34065. What are the prime factors of n?
2, 3, 23, 113
Suppose 6*n - 134 = 11*n - p, -2*p = 2. List the prime factors of ((-2016)/n)/(-14)*(-69)/2.
2, 23
Let i be 1*((-1)/3)/(3/(-63)). Suppose l + 30 = i*l. Suppose 227 = l*o - 118. List the prime factors of o.
3, 23
Let i be 275/10 + 6/(-4). Let x be i/10 + 8/20. Suppose -x*q - 83 = -4*q - 2*s, -q - s + 79 = 0. What are the prime factors of q?
3, 5
Let o(y) = -147*y - 169. What are the prime factors of o(-51)?
2, 229
Let r = 21945 + -12244. Suppose 0 = -7*j - 167 + r. What are the prime factors of j?
2, 3, 227
Suppose 224*l = 4432088 + 9115208. What are the prime factors of l?
197, 307
Let a(b) be the second derivative of 4*b**3/3 + 53*b**2/2 - 32*b. What are the prime factors of a(-6)?
5
Let y = 49 - 47. Suppose 0 = y*l + 4*d - 470, 2*l - 2*d = 4*l - 466. Suppose -l = -4*w + 41. What are the prime factors of w?
2, 17
Let h(n) = 94*n**2 + 156*n - 13. List the prime factors of h(6).
59, 73
Let i = -23 + 21. Let u be (i/(-1) - -1)*8/12. Suppose u*q = -0*q + 226. List the prime factors of q.
113
Let s(i) = 34*i + 6. Let p be (70/(-56))/((-2)/16). List the prime factors of s(p).
2, 173
Suppose 12*a = 27*a + 855. Let j = a - -718. List the prime factors of j.
661
Suppose 5*s - 6*s + 1 = 0. Let w be (34/(-85))/(s/(-5)). Suppose 0 = -3*x + 3*y + 474, -2 = w*y + 6. What are the prime factors of x?
2, 7, 11
Let l(o) = -o**3 - 11*o**2 - 7*o - 66. Let x be l(-11). Suppose u + 31 - 68 = 0. Let d = x + u. What are the prime factors of d?
2, 3
Let j be (-3 + -44)*(0 - 1). Let r = j + -43. What are the prime factors of (12/r - 100)*-1?
97
Let x be (-4)/(1*(-24)/18). Suppose 3885 = x*c - 0. List the prime factors of c.
5, 7, 37
Suppose 0*k - 4*k - 2857 = -3*j, -2*k - 8 = 0. Suppose 309 + j = 4*z. List the prime factors of z.
2, 157
Let s(k) = k**3 - k**2 + 6*k - 4. Let z be s(4). Let t(a) = -a**3 + 23*a**2 - 24*a + 106. Let l be t(22). Suppose 5*y - l = z. List the prime factors of y.
2, 13
Let f(m) = -21*m + 65. Let j be f(4). What are the prime factors of 39/(-13) - (j*31 + 0)?
2, 293
Let y(k) = 5*k - 100. Let q be y(-14). Suppose -5*b = -3*g + 940, 5*g + 5*b = 1931 - 351. Let f = g + q. What are the prime factors of f?
5, 29
Let m = 6739 + -2761. List the prime factors of m.
2, 3, 13, 17
Suppose -5*p + 2*q = -95944, -118*p - 5*q = -116*p - 38366. What are the prime factors of p?
2, 3, 13, 41
Let c(k) = -k**2 + 6*k - 7. Let b be c(5). Let h(a) = -4*a - 15. Let r(f) = 9*f + 30. Let t(n) = b*r(n) - 5*h(n). What are the prime factors of t(-6)?
3
Let k(o) = -3893*o + 200. What are the prime factors of k(-3)?
7, 1697
Suppose 0 = -28*c + c + 162. Suppose -j = -c*j + 40. What are the prime factors of j?
2
Suppose -3*a - 36*f + 38*f + 504 = 0, 0 = 2*a + 3*f - 323. Suppose 0 = -154*p + a*p - 360. List the prime factors of p.
2, 3, 5
Let y(t) = -t**2 + 16*t + 34. Suppose -4*r - 2*r + 8*r = 0. Suppose -3*q + 5*j - j + 26 = r, 0 = -5*q - 2*j + 78. List the prime factors of y(q).
2, 31
Suppose -26*h = -45264 - 193416. Suppose 11*z = 29*z - h. What are the prime factors of z?
2, 3, 5, 17
Let x(q) = 485*q**3 - 4*q**2 - 9*q + 11. Let b be x(1). Let u = 1 - 1. Suppose -2*l = 8, -3*l + u*l + b = 5*a. What are the prime factors of a?
3, 11
Let d = 75 - 73. Suppose -126 = -d*j + 314. Suppose 2*l + 2*b - j - 134 = 0, -2*l = 4*b - 356. What are the prime factors of l?
2, 11
Let w = 28303 - 10239. What are the prime factors of w?
2, 1129
Suppose -3*j + 53 = 2*x, 66 = 4*j + 3*x - 5. Let g(w) = w**3 - 19*w**2 + 46*w - 17. What are the prime factors of g(j)?
11, 17
Let r = 1681 + 3441. List the prime factors of r.
2, 13, 197
Suppose -d - 4*d - 3*f = -66, -5*d + 69 = 2*f. Suppose 6*x = x + d. Suppose 0*k - k = x*z - 328, 0 = -3*z + 5*k + 340. What are the prime factors of z?
2, 5, 11
Let u(k) = -10*k**3 - 4*k**2 + 2*k - 8. Let h(t) = 10*t**3 + 3*t**2 - t + 7. Let q(w) = 4*h(w) + 3*u(w). Let j = 24 - 21. List the prime factors of q(j).
2, 5, 7
Suppose 15 = 5*t + l, 2*l - 9 = -3*t + l. Suppose -t*c + 438 = 3*w, -3*c + 3*w + 307 = -c. What are the prime factors of c?
149
Let s(c) = -c**3 - 17*c**2 + 16*c - 35. Let x be s(-18). List the prime factors of (54/(-10))/(x/(-15)).
3
Suppose 2*y = 3*y - 7. Suppose 71 - 1 = -y*x. What are the prime factors of (-405)/x + (-1)/2?
2, 5
List the prime factors of (2804/(-10))/(((-14)/(-28))/(0 + -10)).
2, 701
Suppose 0 = -k - 2*q - 306, 5*k - 11*q + 1515 = -16*q. Let h(m) = 18*m**3 - 2*m**2 - m - 2. Let x be h(-2). Let n = x - k. What are the prime factors of n?
2, 37
Let p(o) = o**3 - 11*o**2 + 8*o + 20. Let l(w) = -w**2 + 6*w + 2. Let v be l(2). Let x be p(v). Suppose x = u - 149 - 112. List the prime factors of u.
3, 29
Let g(q) = 22*q - 4. Let k = 7 + 7. What are the prime factors of g(k)?
2, 19
Let d = -2371 + 7309. List the prime factors of d.
2, 3, 823
Let j be (1 + 2)*(-586)/3. Let a = j - -1006. What are the prime factors of a?
2, 3, 5, 7
Suppose -29*k - 84 = -k. List the prime factors of -2*2/2 + k + 104.
3, 11
Let w = 108764 - 51056. List the prime factors of w.
2, 3, 7, 229
What are the prime factors of ((-20000)/(-34 + 14))/(1 + 95/(-97))?
2, 5, 97
Let u(o) = -o**3 + 6*o**2 + 9*o - 12. Let f be u(7). Let k(g) = -8 - 4 + 15*g - 37 + f*g**2 + 5. List the prime factors of k(6).
2, 59
List the prime factors of ((-325755)/(-76) + 21)/(3/8).
2, 5743
Let m = 48 - 49. Suppose 3*i + 4*p + 25 = 133, 0 = -4*i - 3*p + 151. List the prime factors of m/5 - (-1728)/i.
43
List the prime factors of (15/12)/((-150)/(-120))*30491.
30491
What are the prime factors of (93/62 - 4826/4)*4/(-5)?
2, 241
Let k = 1527 - -707. List the prime factors of k.
2, 1117
Suppose 0 = -0*j + 8*j - 6936. Suppose j 